{"id":42,"date":"2020-02-18T17:29:17","date_gmt":"2020-02-18T17:29:17","guid":{"rendered":"http:\/\/etms.itu.edu.tr\/2020\/?page_id=42"},"modified":"2020-02-23T13:35:50","modified_gmt":"2020-02-23T13:35:50","slug":"organization-committee","status":"publish","type":"page","link":"https:\/\/etms.itu.edu.tr\/2020\/about\/organization-committee\/","title":{"rendered":"Organization Committee"},"content":{"rendered":"\n<p><em><strong>Honorary Chair<\/strong><\/em><strong>: <\/strong><\/p>\n\n\n\n<p>Prof. Dr. S\u0131tk\u0131 G\u00f6zl\u00fc (ITU &amp; BAU)<\/p>\n\n\n\n<p><em><strong>Co-Chairs:<\/strong><\/em><\/p>\n\n\n\n<p>Prof. Dr. Ferhan \u00c7ebi (ITU) &amp; Prof.\nDr. F. Tun\u00e7 Bozbura (BAU)<strong><\/strong><\/p>\n\n\n\n<p><strong>Committee Members:<\/strong><\/p>\n\n\n\n<table class=\"wp-block-table\"><tbody><tr><td>\n  Sitki Gozlu \n  <\/td><td>\n  Istanbul\n  Technical University &amp; Bahcesehir University, Turkey\n  <\/td><\/tr><tr><td>\n  F. Tunc Bozbura\n  <\/td><td>\n  Bahcesehir\n  University, Turkey\n  <\/td><\/tr><tr><td>\n  Ferhan Cebi \n  <\/td><td>\n  Istanbul\n  Technical University, Turkey\n  <\/td><\/tr><tr><td>\n  Yaman Omer\n  Erzurumlu\n  <\/td><td>\n  Bahcesehir\n  University, Turkey\n  <\/td><\/tr><tr><td>\n  Simon Philbin\n  <\/td><td>\n  London South\n  Bank University, United Kingdom, ASEM President\n  <\/td><\/tr><tr><td>\n  Bersam Bolat \n  <\/td><td>\n  Istanbul\n  Technical University, Turkey\n  <\/td><\/tr><tr><td>\n  Dilay Celebi \n  <\/td><td>\n  Istanbul\n  Technical University, Turkey\n  <\/td><\/tr><tr><td>\n  <a>Ahmet Beskese<\/a>\n  <\/td><td>\n  Bahcesehir\n  University, Turkey\n  <\/td><\/tr><tr><td>\n  Nihan Yildirim\n  <\/td><td>\n  Istanbul\n  Technical University, Turkey\n  <\/td><\/tr><tr><td>\n  Hatice Camgoz\n  Akdag\n  <\/td><td>\n  Istanbul\n  Technical University, Turkey\n  <\/td><\/tr><tr><td>\n  Yesim Sireli&nbsp;&nbsp;&nbsp;&nbsp;&nbsp;&nbsp;&nbsp; \n  <\/td><td>\n  University of\n  North Carolina at Charlotte, USA, ASEM International Director\n  <\/td><\/tr><tr><td>\n  Gul T. Temur\n  <\/td><td>\n  Bahcesehir\n  University, Turkey\n  <\/td><\/tr><tr><td>\n  Tankut Atan\n  <\/td><td>\n  Bahcesehir\n  University, Turkey\n  <\/td><\/tr><tr><td>\n  K. Selcuk\n  Tuzcuoglu\n  <\/td><td>\n  Bahcesehir\n  University, Turkey\n  <\/td><\/tr><tr><td>\n  Alper Camci\n  <\/td><td>\n  Bahcesehir\n  University, Turkey\n  <\/td><\/tr><tr><td>\n  Ethem Canakoglu\n  <\/td><td>\n  Bahcesehir\n  University, Turkey\n  <\/td><\/tr><tr><td>\n  Adnan Corum\n  <\/td><td>\n  Bahcesehir\n  University, Turkey\n  <\/td><\/tr><tr><td>\n  Caglar Sivri\n  <\/td><td>\n  Bahcesehir\n  University, Turkey\n  <\/td><\/tr><tr><td>\n  Didem Yildiz\n  <\/td><td>\n  Bahcesehir\n  University, Turkey\n  <\/td><\/tr><tr><td>\n  Oguzhan Erdinc \n  <\/td><td>\n  Bahcesehir\n  University, Turkey\n  <\/td><\/tr><tr><td>\n  Sait Gul\n  <\/td><td>\n  Bahcesehir\n  University, Turkey\n  <\/td><\/tr><tr><td>\n  Tugce Beldek\n  <\/td><td>\n  Istanbul\n  Technical University, Turkey\n  <\/td><\/tr><tr><td>\n  Elif Idemen \n  <\/td><td>\n  Istanbul\n  Technical University, Turkey\n  <\/td><\/tr><tr><td>\n  Aziz Kemal\n  Konyalioglu\n  <\/td><td>\n  Istanbul\n  Technical University, Turkey\n  <\/td><\/tr><tr><td>\n  Gizem Deniz\n  <\/td><td>\n  Istanbul\n  Technical University, Turkey\n  <\/td><\/tr><\/tbody><\/table>\n","protected":false},"excerpt":{"rendered":"<p>Honorary Chair: Prof. Dr. S\u0131tk\u0131 G\u00f6zl\u00fc (ITU &amp; BAU) Co-Chairs: Prof. Dr. Ferhan \u00c7ebi (ITU) &amp; Prof. Dr. F. Tun\u00e7 Bozbura (BAU) Committee Members: Sitki Gozlu Istanbul Technical University &amp; Bahcesehir University, Turkey F. Tunc Bozbura Bahcesehir University, Turkey Ferhan Cebi Istanbul Technical University, Turkey Yaman Omer Erzurumlu Bahcesehir University, Turkey Simon Philbin London South [&hellip;]<\/p>\n","protected":false},"author":1,"featured_media":0,"parent":13,"menu_order":4,"comment_status":"closed","ping_status":"closed","template":"","meta":{"footnotes":""},"_links":{"self":[{"href":"https:\/\/etms.itu.edu.tr\/2020\/wp-json\/wp\/v2\/pages\/42"}],"collection":[{"href":"https:\/\/etms.itu.edu.tr\/2020\/wp-json\/wp\/v2\/pages"}],"about":[{"href":"https:\/\/etms.itu.edu.tr\/2020\/wp-json\/wp\/v2\/types\/page"}],"author":[{"embeddable":true,"href":"https:\/\/etms.itu.edu.tr\/2020\/wp-json\/wp\/v2\/users\/1"}],"replies":[{"embeddable":true,"href":"https:\/\/etms.itu.edu.tr\/2020\/wp-json\/wp\/v2\/comments?post=42"}],"version-history":[{"count":6,"href":"https:\/\/etms.itu.edu.tr\/2020\/wp-json\/wp\/v2\/pages\/42\/revisions"}],"predecessor-version":[{"id":241,"href":"https:\/\/etms.itu.edu.tr\/2020\/wp-json\/wp\/v2\/pages\/42\/revisions\/241"}],"up":[{"embeddable":true,"href":"https:\/\/etms.itu.edu.tr\/2020\/wp-json\/wp\/v2\/pages\/13"}],"wp:attachment":[{"href":"https:\/\/etms.itu.edu.tr\/2020\/wp-json\/wp\/v2\/media?parent=42"}],"curies":[{"name":"wp","href":"https:\/\/api.w.org\/{rel}","templated":true}]}}