{"id":208,"date":"2022-06-11T21:13:53","date_gmt":"2022-06-11T21:13:53","guid":{"rendered":"https:\/\/etms.itu.edu.tr\/2022\/?page_id=208"},"modified":"2022-06-11T21:18:51","modified_gmt":"2022-06-11T21:18:51","slug":"scientific-committee","status":"publish","type":"page","link":"https:\/\/etms.itu.edu.tr\/2022\/about\/scientific-committee\/","title":{"rendered":"Scientific Committee"},"content":{"rendered":"\n<table class=\"wp-block-table\"><tbody><tr><td>Adnan\n  Corum<\/td><td>Bahcesehir University, Turkey<\/td><\/tr><tr><td>Ahmet Beskese<\/td><td>Bahcesehir University, Turkey<\/td><\/tr><tr><td>Ali \u0130hsan \u00d6zdemir<\/td><td>Ankara Y\u0131ld\u0131r\u0131m Beyazit University, Turkey<\/td><\/tr><tr><td>Alper Camc\u0131<\/td><td>Bahcesehir University, Turkey<\/td><\/tr><tr><td>Arzu Karaman<\/td><td>Yildiz Technical University, Turkey<\/td><\/tr><tr><td>Berna Beyhan<\/td><td>Sabanci University, Turkey<\/td><\/tr><tr><td>Bersam Bolat<\/td><td>Istanbul Technical University, Turkey<\/td><\/tr><tr><td>David Bennett<\/td><td>Aston University, UK &amp; Chalmers University of Technology,\n  Sweden<\/td><\/tr><tr><td>Dilay Celebi<\/td><td>Istanbul Technical University, Turkey<\/td><\/tr><tr><td>Dilek Cetindamar\n  Kozanoglu&nbsp;&nbsp;&nbsp;&nbsp;<\/td><td>University of Technology Sydney, Australia<\/td><\/tr><tr><td>Dilek Ozdemir Gungor<\/td><td>Izmir Katip Celebi University, Turkey<\/td><\/tr><tr><td>Dundar Kocaoglu<\/td><td>Portland State University, USA<\/td><\/tr><tr><td>Elif Karaosmanoglu<\/td><td>Istanbul Technical University, Turkey<\/td><\/tr><tr><td>Erkan Bayraktar<\/td><td>The American University of the Middle East, Kuwait<\/td><\/tr><tr><td>Ethem Canakoglu<\/td><td>The American University of the Middle East, Kuwait<\/td><\/tr><tr><td>F. Tunc Bozbura<\/td><td>Bahcesehir University, Turkey<\/td><\/tr><tr><td>Ferhan Cebi<\/td><td>Istanbul Technical University, Turkey<\/td><\/tr><tr><td>Gul T. Temur<\/td><td>Bahcesehir University, Turkey<\/td><\/tr><tr><td>Gulgun Kayakutlu<\/td><td>Istanbul Technical University, Turkey<\/td><\/tr><tr><td>Gulin Idil S. Bolatan<\/td><td>Alanya Alaaddin Keykubat University, Turkey<\/td><\/tr><tr><td>Hacer Ansal<\/td><td>Turkey<\/td><\/tr><tr><td>Hakk\u0131 Okan Yelo\u011flu<\/td><td>Baskent University<\/td><\/tr><tr><td>Hatice Camgoz Akdag<\/td><td>Istanbul Technical University, Turkey<\/td><\/tr><tr><td>Hilmi Y\u00fcksel<\/td><td>Dokuz Eylul University, Turkey<\/td><\/tr><tr><td>\u0130lker Murat Ar<\/td><td>Ankara Yildirim Beyazit University, Turkey<\/td><\/tr><tr><td>Jbid Arsenyan<\/td><td>Rennes School of Business, France<\/td><\/tr><tr><td>K. Selcuk Tuzcuoglu<\/td><td>Bahcesehir University, Turkey<\/td><\/tr><tr><td>Lerzan Ozkale<\/td><td>Istanbul Technical University, Turkey<\/td><\/tr><tr><td>Marina Dabic<\/td><td>University of Zagreb, Croatia<\/td><\/tr><tr><td>Mine Omurgonulsen<\/td><td>Hacettepe University, Turkey<\/td><\/tr><tr><td>Nata\u0161a Rup\u010di\u0107<\/td><td>University of Rijeka, Croatia<\/td><\/tr><tr><td>Mosad Zineldin<\/td><td>Linnaeus University, Sweden<\/td><\/tr><tr><td>Nihan Yildirim<\/td><td>Istanbul Technical University, Turkey<\/td><\/tr><tr><td>Nuri Ba\u015fo\u011flu<\/td><td>Izmir Technology Institute, Turkey<\/td><\/tr><tr><td>Omur Yasar Saatcioglu<\/td><td>Dokuz Eylul University, Turkey<\/td><\/tr><tr><td>Ozlem Ozdemir<\/td><td>Middle East Technical University, Turkey<\/td><\/tr><tr><td>Roya Javadpour<\/td><td>Cal Poly University, USA<\/td><\/tr><tr><td>Sercan Ozcan<\/td><td>University of Portsmouth, UK<\/td><\/tr><tr><td>Seung Hun Han<\/td><td>KAIST, South Korea<\/td><\/tr><tr><td>Simon Philbin<\/td><td>London South Bank University, United Kingdom<\/td><\/tr><tr><td>Sinan Erzurumlu<\/td><td>Babson College, USA<\/td><\/tr><tr><td>Sitki Gozlu<\/td><td>Istanbul Technical University, Turkey<\/td><\/tr><tr><td>Tankut Atan<\/td><td>Bahcesehir University, Turkey<\/td><\/tr><tr><td>Timothy Kotnour<\/td><td>University of Central Florida, USA<\/td><\/tr><tr><td>Tufan Vehbi Ko\u00e7<\/td><td>Istanbul Technical University, Turkey<\/td><\/tr><tr><td>Tugrul Daim<\/td><td>Portland State University, USA<\/td><\/tr><tr><td>Yaman Omer Erzurumlu<\/td><td>Bahcesehir University, Turkey<\/td><\/tr><tr><td>Yesim Sireli<\/td><td>University of North Carolina at Charlotte, USA<\/td><\/tr><tr><td>Yildirim Omurtag<\/td><td>Robert Morris University, USA<\/td><\/tr><\/tbody><\/table>\n","protected":false},"excerpt":{"rendered":"<p>Adnan Corum Bahcesehir University, Turkey Ahmet Beskese Bahcesehir University, Turkey Ali \u0130hsan \u00d6zdemir Ankara Y\u0131ld\u0131r\u0131m Beyazit University, Turkey Alper Camc\u0131 Bahcesehir University, Turkey Arzu Karaman [&hellip;]<\/p>\n","protected":false},"author":1,"featured_media":0,"parent":69,"menu_order":5,"comment_status":"closed","ping_status":"closed","template":"","meta":{"footnotes":""},"_links":{"self":[{"href":"https:\/\/etms.itu.edu.tr\/2022\/wp-json\/wp\/v2\/pages\/208"}],"collection":[{"href":"https:\/\/etms.itu.edu.tr\/2022\/wp-json\/wp\/v2\/pages"}],"about":[{"href":"https:\/\/etms.itu.edu.tr\/2022\/wp-json\/wp\/v2\/types\/page"}],"author":[{"embeddable":true,"href":"https:\/\/etms.itu.edu.tr\/2022\/wp-json\/wp\/v2\/users\/1"}],"replies":[{"embeddable":true,"href":"https:\/\/etms.itu.edu.tr\/2022\/wp-json\/wp\/v2\/comments?post=208"}],"version-history":[{"count":1,"href":"https:\/\/etms.itu.edu.tr\/2022\/wp-json\/wp\/v2\/pages\/208\/revisions"}],"predecessor-version":[{"id":210,"href":"https:\/\/etms.itu.edu.tr\/2022\/wp-json\/wp\/v2\/pages\/208\/revisions\/210"}],"up":[{"embeddable":true,"href":"https:\/\/etms.itu.edu.tr\/2022\/wp-json\/wp\/v2\/pages\/69"}],"wp:attachment":[{"href":"https:\/\/etms.itu.edu.tr\/2022\/wp-json\/wp\/v2\/media?parent=208"}],"curies":[{"name":"wp","href":"https:\/\/api.w.org\/{rel}","templated":true}]}}