{"id":32,"date":"2022-06-01T10:32:22","date_gmt":"2022-06-01T10:32:22","guid":{"rendered":"https:\/\/etms.itu.edu.tr\/2022\/?page_id=32"},"modified":"2022-10-20T15:02:16","modified_gmt":"2022-10-20T15:02:16","slug":"schedule","status":"publish","type":"page","link":"https:\/\/etms.itu.edu.tr\/2022\/schedule\/","title":{"rendered":"Program"},"content":{"rendered":"\n<p><strong>INTERNATIONAL ENGINEERING AND TECHNOLOGY MANAGEMENT SUMMIT 2022 PROGRAM  <\/strong><\/p>\n\n\n\n<p>20-21 October 2022, \u0130stanbul \/ TURKEY<br><\/p>\n\n\n\n<p><strong>1.g\u00fcn (Day 1) Hybrid   <br>Venue: Bah\u00e7e\u015fehir University, Be\u015fikta\u015f <\/strong><\/p>\n\n\n\n<table class=\"wp-block-table is-style-stripes\"><tbody><tr><td>09.30<br>&#8211;<br>09.45<\/td><td>A\u00e7\u0131l\u0131\u015f &#8211; (Opening) <br><strong>Faz\u0131l Say&nbsp;Conference Hall<br>Zoom Link:&nbsp;<\/strong>https:\/\/zoom.us\/j\/92515442355?pwd=QnhhdS9OWnJJRGF0K0dPcFQ3VzhFdz09<br><\/td><\/tr><tr><td>09.45<br>&#8211;<br>10.30<\/td><td>Keynote Speech: Erol Y\u00fccel, Strategy Group Leader, HAVELSAN<br><strong>Faz\u0131l Say Conference Hall<br>Zoom Link:&nbsp;<\/strong>https:\/\/zoom.us\/j\/92515442355?pwd=QnhhdS9OWnJJRGF0K0dPcFQ3VzhFdz09<\/td><\/tr><tr><td>10.30<br>&#8211;<br>10.45<\/td><td>\u00c7ay Kahve Aras\u0131&nbsp;(Coffee Break)<\/td><\/tr><tr><td>10.45<br>&#8211;<br>12.00<\/td><td>Paralel Oturumlar &#8211; Bildiriler (Parallel Sessions &#8211; Presentations)<\/td><\/tr><tr><td>12.00<br>&#8211;<br>12.15<\/td><td>\u00c7ay Kahve Aras\u0131&nbsp;(Coffee Break)<\/td><\/tr><tr><td>12.15<br>&#8211;<br>13.30<\/td><td>Paralel Oturumlar &#8211; Bildiriler (Parallel Sessions &#8211; Presentations)<\/td><\/tr><tr><td>13.30<br>&#8211;<br>14.30<\/td><td>\u00d6\u011fle Yeme\u011fi (Lunch Break)<\/td><\/tr><tr><td>14.30<br>&#8211;<br>16.00<\/td><td>Panel: Sanayide S\u00fcrd\u00fcr\u00fclebilirlik i\u00e7in Dijital Teknoloji Y\u00f6netimi<br><strong>Faz\u0131l Say&nbsp;Conference Hall<\/strong><br>Moderator: Dr. Nihan Y\u0131ld\u0131r\u0131m,&nbsp;Istanbul Technical University, T\u00fcrkiye<br>Panelists: Haydar Vural,&nbsp;Agile Tribe Lead, Data Science and AI Lead at TOFA\u015e V\u00fcgar Kerimo\u011flu,&nbsp;Ar\u00e7elik Global, Manager, Process &amp; Material Technologies&nbsp;Erdem \u00c7orap\u00e7\u0131o\u011flu,&nbsp;TUSA\u015e<br><strong>Zoom link:&nbsp;<\/strong>https:\/\/zoom.us\/j\/92515442355?pwd=QnhhdS9OWnJJRGF0K0dPcFQ3VzhFdz09<br><br><\/td><\/tr><tr><td>16.00-16.15<\/td><td>\u00c7ay Kahve Aras\u0131&nbsp;(Coffee Break)<\/td><\/tr><tr><td>16.15<br>&#8211;<br>17.45<\/td><td>Round Table: Moderators: Dr. Alex Gorod and Dr. Leonie Kay Hallo<br><strong>Faz\u0131l Say Conference Hall<br>Zoom link:&nbsp;<\/strong>https:\/\/zoom.us\/j\/92515442355?pwd=QnhhdS9OWnJJRGF0K0dPcFQ3VzhFdz09<\/td><\/tr><tr><td>18.00<br>&#8211;<br>20.00<\/td><td>Kokteyl (Cocktail Reception) &#8211; BAU C Teras (BAU C Terrace)<\/td><\/tr><\/tbody><\/table>\n\n\n\n<hr class=\"wp-block-separator\"\/>\n\n\n\n<p><strong>2. G\u00fcn (Day 2) &#8211; ONLINE<\/strong><\/p>\n\n\n\n<table class=\"wp-block-table\"><tbody><tr><td>10.00-11.00<\/td><td>Paralel Oturumlar &#8211; Bildiriler (Parallel Sessions &#8211; Presentations)<\/td><\/tr><tr><td>11.00-12.00<\/td><td>Paralel Oturumlar &#8211; Bildiriler (Parallel Sessions &#8211; Presentations) <\/td><\/tr><tr><td>12.00-13.15<\/td><td>Paralel Oturumlar &#8211; Bildiriler (Parallel Sessions &#8211; Presentations)<\/td><\/tr><tr><td>13.15-14.00<\/td><td>\u00d6\u011fle Yeme\u011fi (Lunch Break)<\/td><\/tr><tr><td>14.00-15.00<\/td><td>Keynote Speech: Dr. Gregory Sedrick, ASEM Past President<br>Dr. Yesim Sireli, ASEM President, USA<br><strong>Zoom link:&nbsp;<\/strong>https:\/\/zoom.us\/j\/93010740684?pwd=d1duU3J1aXNuTmxwcXZlSzFzYm9jZz09<\/td><\/tr><tr><td>15.00-15.15<\/td><td>\u00c7ay Kahve Aras\u0131&nbsp;(Coffee Break)<\/td><\/tr><tr><td>15.15-16.45<\/td><td>Panel: Focus on Global Engineering Management Network \/ ASEM Moderator: Dr. Yesim Sireli, ASEM President, USA<br>Panelists: Dr. Brian Smith&nbsp;\u2013 EMJ\u2019s Co-Editors, USA<br>Dr. Gregory Sedrick, ASEM Past President, USA<br>Dr. Willy Van Overschee, ASEM International Director, Belgium<br><strong>Zoom link:<\/strong><br>https:\/\/zoom.us\/j\/93010740684?pwd=d1duU3J1aXNuTmxwcXZlSzFzYm9jZz09<\/td><\/tr><tr><td>16.45-17.00<\/td><td>Kapan\u0131\u015f (Closing)<br><strong>Zoom link:<\/strong><br>https:\/\/zoom.us\/j\/93010740684?pwd=d1duU3J1aXNuTmxwcXZlSzFzYm9jZz09<\/td><\/tr><\/tbody><\/table>\n\n\n\n<div class=\"wp-block-file\"><a href=\"https:\/\/etms.itu.edu.tr\/2022\/wp-content\/uploads\/2022\/10\/ETMS-2022-Final-Program-4.pdf\">ETMS 2022 Final Program<\/a><a href=\"https:\/\/etms.itu.edu.tr\/2022\/wp-content\/uploads\/2022\/10\/ETMS-2022-Final-Program-4.pdf\" class=\"wp-block-file__button\" download>Download<\/a><\/div>\n\n\n\n<p><\/p>\n","protected":false},"excerpt":{"rendered":"<p>INTERNATIONAL ENGINEERING AND TECHNOLOGY MANAGEMENT SUMMIT 2022 PROGRAM 20-21 October 2022, \u0130stanbul \/ TURKEY 1.g\u00fcn (Day 1) Hybrid Venue: Bah\u00e7e\u015fehir University, Be\u015fikta\u015f 09.30&#8211;09.45 A\u00e7\u0131l\u0131\u015f &#8211; [&hellip;]<\/p>\n","protected":false},"author":1,"featured_media":0,"parent":0,"menu_order":7,"comment_status":"closed","ping_status":"closed","template":"","meta":{"footnotes":""},"_links":{"self":[{"href":"https:\/\/etms.itu.edu.tr\/2022\/wp-json\/wp\/v2\/pages\/32"}],"collection":[{"href":"https:\/\/etms.itu.edu.tr\/2022\/wp-json\/wp\/v2\/pages"}],"about":[{"href":"https:\/\/etms.itu.edu.tr\/2022\/wp-json\/wp\/v2\/types\/page"}],"author":[{"embeddable":true,"href":"https:\/\/etms.itu.edu.tr\/2022\/wp-json\/wp\/v2\/users\/1"}],"replies":[{"embeddable":true,"href":"https:\/\/etms.itu.edu.tr\/2022\/wp-json\/wp\/v2\/comments?post=32"}],"version-history":[{"count":41,"href":"https:\/\/etms.itu.edu.tr\/2022\/wp-json\/wp\/v2\/pages\/32\/revisions"}],"predecessor-version":[{"id":420,"href":"https:\/\/etms.itu.edu.tr\/2022\/wp-json\/wp\/v2\/pages\/32\/revisions\/420"}],"wp:attachment":[{"href":"https:\/\/etms.itu.edu.tr\/2022\/wp-json\/wp\/v2\/media?parent=32"}],"curies":[{"name":"wp","href":"https:\/\/api.w.org\/{rel}","templated":true}]}}