{"id":64,"date":"2022-06-04T22:39:15","date_gmt":"2022-06-04T22:39:15","guid":{"rendered":"https:\/\/etms.itu.edu.tr\/2022\/?page_id=64"},"modified":"2022-10-11T09:37:57","modified_gmt":"2022-10-11T09:37:57","slug":"registration","status":"publish","type":"page","link":"https:\/\/etms.itu.edu.tr\/2022\/registration\/","title":{"rendered":"Registration"},"content":{"rendered":"\n<p>Please enter your name, affiliation and e-mail in the link given below. The links to the sessions will be sent to your emails.<\/p>\n\n\n\n<p><strong>Registration Deadline: 16 October 2022<\/strong><br><\/p>\n\n\n\n<p><a href=\"https:\/\/forms.gle\/FQq6C2A1FgFhwJVx8\"><strong>REGISTER NOW!<\/strong><\/a><\/p>\n\n\n\n<p><\/p>\n\n\n\n<table class=\"wp-block-table alignwide\"><tbody><tr><td>\n  &nbsp;\n  <\/td><td>   <strong>ON SITE    <\/strong><\/td><td>   <strong>ONLINE <\/strong>  <\/td><\/tr><tr><td><strong>   LOCAL PAPER PRESENTING AUTHORS   <\/strong><\/td><td>\n  750 TRY\n  <\/td><td>\n  500 TRY\n  <\/td><\/tr><tr><td><strong>   FOREIGN PAPER PRESENTING AUTHORS   <\/strong><\/td><td>\n  100 USD or 100 EUR\n  <\/td><td>\n  50 USD or 50 EUR\n  <\/td><\/tr><tr><td><strong>   OTHER LOCAL ATTENDEES   <\/strong><\/td><td>\n  150 TRY\n  <\/td><td>\n  FREE OF CHARGE\n  <\/td><\/tr><tr><td><strong>   OTHER FOREIGN ATTENDEES   <\/strong><\/td><td>\n  20 USD\n  <\/td><td>\n  FREE OF CHARGE\n  <\/td><\/tr><tr><td><strong>   STUDENT ATTENDEES<\/strong><\/td><td>\n  FREE OF CHARGE\n  <\/td><td>\n  FREE OF CHARGE\n  <\/td><\/tr><\/tbody><\/table>\n\n\n\n<p><strong>Registration fee includes:<\/strong><\/p>\n\n\n\n<ul><li>Presentation of one paper<\/li><li>Publication of paper in e-book <\/li><li>Certificate of Presentation<\/li><li>Access to all sessions of symposium<\/li><\/ul>\n\n\n\n<p>At least one of the authors of each accepted paper must register for the symposium.<\/p>\n\n\n\n<p style=\"background-color:#273f94;color:#f0f5f0\" class=\"has-text-color has-background has-regular-font-size\"><strong>Bank Account Details <\/strong><\/p>\n\n\n\n<p> <strong>Recipient Name:<\/strong> BAH\u00c7E\u015eEH\u0130R \u00dcN\u0130VERS\u0130TES\u0130<\/p>\n\n\n\n<p><strong>TL IBAN:<\/strong>TR25 0013 4000 0019 9214 6016 20<\/p>\n\n\n\n<p><strong>USD IBAN:<\/strong>TR95 0013 4000 0019 9214 6016 21<\/p>\n\n\n\n<p><strong>EUR IBAN:<\/strong>TR68 0013 4000 0019 9214 6016 22<\/p>\n\n\n\n<p><strong>Bank Branch:<\/strong> DEN\u0130ZBANK Surd\u0131\u015f\u0131 Ticari Merkez \u015eubesi<\/p>\n\n\n\n<p><strong>Swift Code:<\/strong> DENITRIS<\/p>\n\n\n\n<p style=\"color:#d80303\" class=\"has-text-color\"><strong>NOTE: Please indicate your &#8220;Name-Surname, ID number or passport number, Paper No&#8221; in the receipt of payment and e-mail a copy of your receipt as a jpeg or pdf file to etms@itu.edu.tr <\/strong><\/p>\n","protected":false},"excerpt":{"rendered":"<p>Please enter your name, affiliation and e-mail in the link given below. The links to the sessions will be sent to your emails. Registration Deadline: [&hellip;]<\/p>\n","protected":false},"author":1,"featured_media":0,"parent":0,"menu_order":6,"comment_status":"closed","ping_status":"closed","template":"","meta":{"footnotes":""},"_links":{"self":[{"href":"https:\/\/etms.itu.edu.tr\/2022\/wp-json\/wp\/v2\/pages\/64"}],"collection":[{"href":"https:\/\/etms.itu.edu.tr\/2022\/wp-json\/wp\/v2\/pages"}],"about":[{"href":"https:\/\/etms.itu.edu.tr\/2022\/wp-json\/wp\/v2\/types\/page"}],"author":[{"embeddable":true,"href":"https:\/\/etms.itu.edu.tr\/2022\/wp-json\/wp\/v2\/users\/1"}],"replies":[{"embeddable":true,"href":"https:\/\/etms.itu.edu.tr\/2022\/wp-json\/wp\/v2\/comments?post=64"}],"version-history":[{"count":20,"href":"https:\/\/etms.itu.edu.tr\/2022\/wp-json\/wp\/v2\/pages\/64\/revisions"}],"predecessor-version":[{"id":383,"href":"https:\/\/etms.itu.edu.tr\/2022\/wp-json\/wp\/v2\/pages\/64\/revisions\/383"}],"wp:attachment":[{"href":"https:\/\/etms.itu.edu.tr\/2022\/wp-json\/wp\/v2\/media?parent=64"}],"curies":[{"name":"wp","href":"https:\/\/api.w.org\/{rel}","templated":true}]}}