{"id":9,"date":"2023-04-13T08:52:11","date_gmt":"2023-04-13T08:52:11","guid":{"rendered":"https:\/\/etms.itu.edu.tr\/2023\/?page_id=9"},"modified":"2023-10-14T13:39:18","modified_gmt":"2023-10-14T13:39:18","slug":"registration","status":"publish","type":"page","link":"https:\/\/etms.itu.edu.tr\/2023\/about\/registration\/","title":{"rendered":"Registration"},"content":{"rendered":"\n<p>Please enter your name, affiliation and e-mail in the link given below. The links to the sessions will be sent to your emails.<\/p>\n\n\n\n<p><a href=\"https:\/\/forms.gle\/mZCxEBLxY8xFWQug8\">https:\/\/forms.gle\/mZCxEBLxY8xFWQug8<\/a><\/p>\n\n\n\n<table class=\"wp-block-table\"><tbody><tr><td>\n  &nbsp;\n  <\/td><td>\n  <strong>ON SITE&nbsp;<\/strong>\n  <\/td><td>\n  <strong>ONLINE&nbsp;<\/strong>\n  <\/td><\/tr><tr><td>\n  <strong>LOCAL PAPER PRESENTING AUTHORS&nbsp;<\/strong>\n  <\/td><td>\n  1250 TRY\n  <\/td><td>\n  750 TRY\n  <\/td><\/tr><tr><td>\n  <strong>FOREIGN PAPER PRESENTING AUTHORS&nbsp;<\/strong>\n  <\/td><td>\n  100 USD or 100 EUR\n  <\/td><td>\n  75 USD or 75 EUR\n  <\/td><\/tr><tr><td>\n  <strong>OTHER LOCAL ATTENDEES&nbsp;<\/strong>\n  <\/td><td>\n  200 TRY\n  <\/td><td>\n  FREE OF CHARGE\n  <\/td><\/tr><tr><td>\n  <strong>OTHER FOREIGN ATTENDEES&nbsp;<\/strong>\n  <\/td><td>\n  20 USD\n  <\/td><td>\n  FREE OF CHARGE\n  <\/td><\/tr><tr><td>   <strong>STUDENT PRESENTING AUTHORS AND ATTENDEES<\/strong> <\/td><td>   300 TRY <\/td><td>\n  FREE OF CHARGE\n  <\/td><\/tr><\/tbody><\/table>\n\n\n\n<p><strong>Registration fee includes:<\/strong><\/p>\n\n\n\n<ul><li>Presentation of at least one paper<\/li><li>Publication of paper in e-book <\/li><li>Certificate of Presentation<\/li><li>Access to all sessions of symposium<\/li><li>Coffee breaks<\/li><li>Lunches<\/li><li>Welcome reception <\/li><\/ul>\n\n\n\n<p>At least one of the authors of each accepted paper must register for the symposium.<\/p>\n\n\n\n<p style=\"font-size:18px\" class=\"has-text-color has-background has-vivid-red-color has-very-light-gray-background-color\"><strong>Note: In order to be able to make invoicing, the participants must fully indicate their identity or passport number, e-mail and address information on the receipt while registering.<\/strong><\/p>\n\n\n\n<p class=\"has-text-color has-background has-vivid-red-color has-very-light-gray-background-color\"><strong>TL IBAN<\/strong><\/p>\n\n\n\n<p><strong>Hesap Ad\u0131: Bah\u00e7e\u015fehir \u00dcniversitesi<\/strong><\/p>\n\n\n\n<p><strong>IBAN:<\/strong> TR25 0013 4000 0019 9214 6016 20<\/p>\n\n\n\n<p class=\"has-text-color has-background has-vivid-red-color has-very-light-gray-background-color\"><strong>USD IBAN<\/strong><\/p>\n\n\n\n<p><strong>Hesap Ad\u0131: Bah\u00e7e\u015fehir \u00dcniversitesi\ufeff<\/strong><\/p>\n\n\n\n<p><strong>IBAN:<\/strong> TR25 0013 4000 0019 9214 6016 21<\/p>\n\n\n\n<p class=\"has-text-color has-background has-vivid-red-color has-very-light-gray-background-color\"><strong>Euro IBAN<\/strong><\/p>\n\n\n\n<p><strong>Hesap Ad\u0131:<\/strong> <strong>Bah\u00e7e\u015fehir \u00dcniversitesi\ufeff<\/strong> <\/p>\n\n\n\n<p><strong>IBAN:<\/strong> TR25 0013 4000 0019 9214 6016 22<\/p>\n\n\n\n<hr class=\"wp-block-separator\"\/>\n\n\n\n<p><\/p>\n\n\n\n<p>If you require a letter of invitation, please contact us at<\/p>\n\n\n\n<p><strong>etms@itu.edu.tr<\/strong><\/p>\n\n\n\n<p><strong>etms@bau.edu.tr<\/strong><\/p>\n\n\n\n<p><\/p>\n\n\n\n<p><\/p>\n","protected":false},"excerpt":{"rendered":"<p>Please enter your name, affiliation and e-mail in the link given below. The links to the sessions will be sent to your emails. https:\/\/forms.gle\/mZCxEBLxY8xFWQug8 &nbsp; ON SITE&nbsp; ONLINE&nbsp; LOCAL PAPER PRESENTING AUTHORS&nbsp; 1250 TRY 750 TRY FOREIGN PAPER PRESENTING AUTHORS&nbsp; 100 USD or 100 EUR 75 USD or 75 EUR OTHER LOCAL ATTENDEES&nbsp; 200 TRY [&hellip;]<\/p>\n","protected":false},"author":1,"featured_media":0,"parent":31,"menu_order":6,"comment_status":"closed","ping_status":"closed","template":"","meta":{"footnotes":""},"_links":{"self":[{"href":"https:\/\/etms.itu.edu.tr\/2023\/wp-json\/wp\/v2\/pages\/9"}],"collection":[{"href":"https:\/\/etms.itu.edu.tr\/2023\/wp-json\/wp\/v2\/pages"}],"about":[{"href":"https:\/\/etms.itu.edu.tr\/2023\/wp-json\/wp\/v2\/types\/page"}],"author":[{"embeddable":true,"href":"https:\/\/etms.itu.edu.tr\/2023\/wp-json\/wp\/v2\/users\/1"}],"replies":[{"embeddable":true,"href":"https:\/\/etms.itu.edu.tr\/2023\/wp-json\/wp\/v2\/comments?post=9"}],"version-history":[{"count":14,"href":"https:\/\/etms.itu.edu.tr\/2023\/wp-json\/wp\/v2\/pages\/9\/revisions"}],"predecessor-version":[{"id":288,"href":"https:\/\/etms.itu.edu.tr\/2023\/wp-json\/wp\/v2\/pages\/9\/revisions\/288"}],"up":[{"embeddable":true,"href":"https:\/\/etms.itu.edu.tr\/2023\/wp-json\/wp\/v2\/pages\/31"}],"wp:attachment":[{"href":"https:\/\/etms.itu.edu.tr\/2023\/wp-json\/wp\/v2\/media?parent=9"}],"curies":[{"name":"wp","href":"https:\/\/api.w.org\/{rel}","templated":true}]}}